{"id":18,"date":"2015-10-09T14:09:32","date_gmt":"2015-10-09T13:09:32","guid":{"rendered":"http:\/\/www.tiraucanon.ch\/?page_id=18"},"modified":"2015-10-09T15:48:40","modified_gmt":"2015-10-09T14:48:40","slug":"plan-dacces","status":"publish","type":"page","link":"http:\/\/www.tiraucanon.ch\/?page_id=18","title":{"rendered":"Plan d&rsquo;acc\u00e8s"},"content":{"rendered":"<div><div id=\"lmm_c460b50b\" style=\"width:640px;\" class=\"mapsmarker markermap marker-1\">\n<div id=\"lmm_panel_c460b50b\" class=\"lmm-panel\" style=\"background:#efefef;\">\n<div id=\"lmm_panel_api_c460b50b\" class=\"lmm-panel-api\"><a href=\"https:\/\/maps.google.com\/maps?daddr=Tir+au+Canon+de+Carouge&amp;t=m&amp;layer=1&amp;doflg=ptk&amp;om=0\" target=\"_blank\" title=\"Obtenir l&#039;itin\u00e9raire\"><img loading=\"lazy\" decoding=\"async\" alt=\"icon-car.png\" src=\"http:\/\/www.tiraucanon.ch\/wp-content\/plugins\/leaflet-maps-marker\/inc\/img\/icon-car.png\" width=\"14\" height=\"14\" class=\"lmm-panel-api-images\" \/><\/a><\/div><div id=\"lmm_panel_text_c460b50b\" class=\"lmm-panel-text\" style=\"font-weight:bold;color:#373737;\">Tir au Canon de Carouge<\/div><\/div>\n<div id=\"lmm_map_c460b50b\" class=\"lmm-map\" style=\"background:#f6f6f6;border:1px solid #ccc;height:480px; overflow:hidden;padding:0;\"><p style=\"font-size:80%;color:#9f9e9e;margin-left:5px;\">chargement de la carte - veuillez patienter...<noscript><br\/><strong>La carte ne peut \u00eatre charg\u00e9e - s'il vous pla\u00eet activer Javascript !<\/strong><br\/><a style=\"text-decoration:none;\" href=\"https:\/\/www.mapsmarker.com\/js-disabled\" target=\"_blank\">&rarr; plus dginformations<\/a><\/noscript><\/p><\/div>\n<div id=\"lmm_geo_tags_c460b50b\" class=\"lmm-geo-tags geo\">\n<span class=\"paneltext\">Tir au Canon de Carouge<\/span>\n<span class=\"latitude\">46.180291<\/span>, <span class=\"longitude\">6.144335<\/span>\n<span class=\"popuptext\"><\/span>\n<\/div>\n<\/div><img loading=\"lazy\" decoding=\"async\" draggable=\"false\" src=\"http:\/\/maps.gstatic.com\/mapfiles\/api-3\/images\/cb_scout2_hdpi.png\" alt=\"\" width=\"1\" height=\"1\" \/><\/div>\n<div><img loading=\"lazy\" decoding=\"async\" draggable=\"false\" src=\"http:\/\/maps.gstatic.com\/mapfiles\/api-3\/images\/cb_scout2_hdpi.png\" alt=\"\" width=\"1\" height=\"1\" \/><\/div>\n<div>\n<p><img loading=\"lazy\" decoding=\"async\" draggable=\"false\" src=\"http:\/\/maps.gstatic.com\/mapfiles\/api-3\/images\/cb_scout2_hdpi.png\" alt=\"\" width=\"1\" height=\"1\" \/><\/p>\n<hr \/>\n<\/div>\n<p><span style=\"font-size: medium;\">Acc\u00e8s<\/span><\/p>\n<table class=\"pageContent\" border=\"0\" summary=\"\" width=\"400\" cellspacing=\"1\" cellpadding=\"1\" align=\"center\">\n<tbody>\n<tr>\n<td><span style=\"font-size: small;\">Voiture :<\/span><\/td>\n<td><span style=\"font-size: small;\">Places de parcs autour de la salle communale<br \/>\nParking couvert sous la salle communale<\/span><\/td>\n<\/tr>\n<tr>\n<td><\/td>\n<td><\/td>\n<\/tr>\n<tr>\n<td><span style=\"font-size: small;\">Transports publics genevois :<\/span><\/td>\n<td><span style=\"font-size: small;\">Trams 12 et 13, arr\u00eat Ancienne<br \/>\nBus 21, arr\u00eat Moraines<\/span><\/td>\n<\/tr>\n<\/tbody>\n<\/table>\n<p>&nbsp;<\/p>\n","protected":false},"excerpt":{"rendered":"<p>Acc\u00e8s Voiture : Places de parcs autour de la salle communale Parking couvert sous la salle communale Transports publics genevois : Trams 12 et 13, arr\u00eat Ancienne Bus 21, arr\u00eat Moraines &nbsp;<\/p>\n","protected":false},"author":1,"featured_media":0,"parent":0,"menu_order":50,"comment_status":"closed","ping_status":"closed","template":"","meta":{"sfsi_plus_gutenberg_text_before_share":"","sfsi_plus_gutenberg_show_text_before_share":"","sfsi_plus_gutenberg_icon_type":"","sfsi_plus_gutenberg_icon_alignemt":"","sfsi_plus_gutenburg_max_per_row":"","footnotes":""},"_links":{"self":[{"href":"http:\/\/www.tiraucanon.ch\/index.php?rest_route=\/wp\/v2\/pages\/18"}],"collection":[{"href":"http:\/\/www.tiraucanon.ch\/index.php?rest_route=\/wp\/v2\/pages"}],"about":[{"href":"http:\/\/www.tiraucanon.ch\/index.php?rest_route=\/wp\/v2\/types\/page"}],"author":[{"embeddable":true,"href":"http:\/\/www.tiraucanon.ch\/index.php?rest_route=\/wp\/v2\/users\/1"}],"replies":[{"embeddable":true,"href":"http:\/\/www.tiraucanon.ch\/index.php?rest_route=%2Fwp%2Fv2%2Fcomments&post=18"}],"version-history":[{"count":4,"href":"http:\/\/www.tiraucanon.ch\/index.php?rest_route=\/wp\/v2\/pages\/18\/revisions"}],"predecessor-version":[{"id":139,"href":"http:\/\/www.tiraucanon.ch\/index.php?rest_route=\/wp\/v2\/pages\/18\/revisions\/139"}],"wp:attachment":[{"href":"http:\/\/www.tiraucanon.ch\/index.php?rest_route=%2Fwp%2Fv2%2Fmedia&parent=18"}],"curies":[{"name":"wp","href":"https:\/\/api.w.org\/{rel}","templated":true}]}}